 Determine d(-6).
-57
Let u(j) = -9*j. Determine u(1).
-9
Let j(z) = z**3 + 7*z**2 + 9*z + 7. Calculate j(-6).
-11
Let t(p) = 2*p + 30. Determine t(-9).
12
Let a(m) = m**3 - 15*m**2 - 21*m + 26. Give a(16).
-54
Let k(d) = -11*d**2 - 71*d - 32. Calculate k(-6).
-2
Let y(w) = w**3 - 2*w**2 - 2*w - 1. What is y(0)?
-1
Let y(g) = -3*g + 18. Give y(6).
0
Let d(k) = -k**2 + 17*k + 48. Give d(22).
-62
Let i(p) = -p**3 - 3*p**2 + 5*p + 9. Determine i(-2).
-5
Let j(y) = -y**3 - 5*y**2 + 7*y + 8. Determine j(-6).
2
Let k(p) = -p**2 + 3*p + 22. Give k(-7).
-48
Let t(a) = a**3 + 2*a**2 - a + 2. Determine t(2).
16
Let g(y) = -y**2 - 2*y + 41. Determine g(-7).
6
Let v(b) = -2*b**2 + 35*b - 3. Give v(18).
-21
Let f(z) = -z**2 - 7*z + 6. Give f(-6).
12
Let s(c) = c**2 - 2*c - 1. Calculate s(2).
-1
Let j(q) = 5*q + 20. What is j(-3)?
5
Let q(s) = 2*s - 1. What is q(2)?
3
Let a(h) = -h + 11. What is a(10)?
1
Let w(h) = h**2 - h + 1. Calculate w(5).
21
Let k(j) = 2*j**2 + j - 4. Calculate k(-5).
41
Let o(g) = -7*g**2 - 3*g + 3. Calculate o(-4).
-97
Let k(i) = 15*i - 15. Calculate k(1).
0
Let y(o) = -4*o**2 + 7*o + 7. Determine y(-1).
-4
Let i(q) = -2*q**2 - q - 24. What is i(0)?
-24
Let f(z) = -z**3 + 4*z**2 + 8*z - 9. Calculate f(5).
6
Let r(j) = j**2 - 4*j - 9. Give r(3).
-12
Let g(b) = 2*b**2 - 7*b + 6. What is g(6)?
36
Let r(a) = -a**2 + 5*a + 8. Calculate r(8).
-16
Let u(b) = b**3 - 8*b**2 + 5*b + 12. Calculate u(7).
-2
Let c(z) = z**2 - 26*z + 165. Determine c(9).
12
Let g(n) = 11*n + 15. What is g(-2)?
-7
Let u(z) = 6*z**2 + 38*z + 17. Determine u(-6).
5
Let s(v) = -v**3 - 13*v**2 + 15*v + 15. Calculate s(-14).
1
Let k(o) = -o**3 - 8*o**2 - 11*o - 44. Calculate k(-7).
-16
Let v(k) = -k + 10. Calculate v(0).
10
Let r(j) = -2*j**3 - 2*j**2 + 3*j + 15. Determine r(0).
15
Let a(v) = 4*v - 9. Calculate a(-7).
-37
Let j(r) = -15*r**3 + 6*r**2 - 10*r + 3. What is j(1)?
-16
Let w(n) = 3*n**2 + n - 1. Give w(-1).
1
Let v(f) = -f**2 + 15*f + 4. Give v(16).
-12
Let k(q) = -q**3 + 7*q**2 - 10*q - 1. Calculate k(4).
7
Let l(m) = m**2 - 9*m + 21. Determine l(8).
13
Let p(c) = -7*c + 32. Determine p(7).
-17
Let t(c) = c**3 - 10*c**2 + 17*c + 4. Give t(8).
12
Let x(q) = q**3 + 10*q**2 - 10*q + 10. Give x(-11).
-1
Let p(n) = -4*n**3 - 2*n**2 - 2*n + 2. Determine p(-2).
30
Let v(x) = -8*x - 6. Give v(-3).
18
Let x(b) = -b**3 + 19*b**2 - 20*b + 34. Give x(18).
-2
Let g(a) = -a**3 + 10*a**2 + 20*a + 29. What is g(12)?
-19
Let c(a) = 2*a**3 - 5*a**2 - a + 3. Give c(-3).
-93
Let b(j) = -3*j**2 + 5*j - 5. Give b(3).
-17
Let g(x) = -11*x + 6. Give g(-3).
39
Let f(k) = -12*k - 15. Calculate f(-1).
-3
Let p(k) = -k**2 - 2*k + 9. Calculate p(3).
-6
Let k(a) = -a**2 - 17*a - 57. What is k(-3)?
-15
Let p(d) = d**3 - 4*d**2 - 2*d + 3. What is p(4)?
-5
Let m(l) = -l**2 + 13*l - 7. What is m(11)?
15
Let u(p) = p**3 - 4*p**2 + 10*p - 24. Calculate u(3).
-3
Let l(w) = -w**3 + 4*w**2 - 5*w + 4. What is l(3)?
-2
Let i(b) = b**3 - 3*b**2 - 18*b - 4. Calculate i(6).
-4
Let l(g) = 4*g - 20. Give l(6).
4
Let s(a) = -a**3 + 6*a**2 + 5*a + 14. What is s(7)?
0
Let k(v) = -2*v**3 + 27*v**2 + 46*v - 16. What is k(15)?
-1
Let y(u) = -u**2 + 14*u + 61. Calculate y(18).
-11
Let d(j) = -j**3 + j**2 - 1. Calculate d(2).
-5
Let r(d) = -6*d**2 + d. Determine r(1).
-5
Let w(r) = -r**3 + 5*r**2 - 2*r + 26. Determine w(5).
16
Let f(g) = -3*g**2 - 12*g + 80. What is f(7)?
-151
Let p(f) = -f**3 - f**2 + 5. Determine p(0).
5
Let u(t) = -t**3 - 2*t**2 + 5*t - 2. Determine u(2).
-8
Let r(w) = 7*w**2 + 19*w - 1. Calculate r(-3).
5
Let b(l) = 19*l**2 + l. Determine b(-1).
18
Let i(m) = -580*m - 4055. Determine i(-7).
5
Let x(z) = -29*z - 54. Determine x(5).
-199
Let n(p) = 7*p - 3. Give n(2).
11
Let g(i) = i - 4. Determine g(-4).
-8
Let n(l) = -40*l - 27. Determine n(-2).
53
Let g(k) = -2*k**2 + k - 2. Determine g(3).
-17
Let x(y) = -4*y**3 - 2*y**2 - 5*y - 6. What is x(-2)?
28
Let j(i) = i**3 - 5*i**2 - 6*i - 1. Determine j(6).
-1
Let q(h) = 50*h - 194. Calculate q(4).
6
Let a(l) = 26*l - 79. Give a(3).
-1
Let l(a) = a**2 - 15*a - 14. Determine l(13).
-40
Let a(f) = f**2 - 6*f - 20. Determine a(6).
-20
Let f(h) = -h**3 - 19*h**2 + 21. What is f(-19)?
21
Let j(u) = -u**2 - 8*u + 5. Determine j(-7).
12
Let q(k) = 4*k**2 - 4*k + 4. Determine q(5).
84
Let v(a) = 6*a**2 + 6*a - 1. What is v(-2)?
11
Let y(w) = -w**2 + 9*w + 29. What is y(12)?
-7
Let p(j) = j**2 - 76*j + 350. What is p(5)?
-5
Let f(m) = m**2 - 36*m + 101. What is f(33)?
2
Let c(r) = 2*r - 35. Calculate c(-17).
-69
Let y(t) = t + 15. Calculate y(-13).
2
Let k(m) = m**2 - 4. Give k(3).
5
Let f(b) = -49*b**2 - 2*b - 1. Determine f(2).
-201
Let k(u) = u**2 - 29. Calculate k(-6).
7
Let c(q) = -q**3 - 8*q**2 + 8*q + 23. Calculate c(-8).
-41
Let v(q) = q**3 + 3*q**2 - 18*q - 9. Give v(-5).
31
Let a(j) = -j**3 + 8*j**2 - 6*j + 9. Give a(6).
45
Let u(x) = -x**2 - 2. Calculate u(2).
-6
Let u(a) = -a - 1. Calculate u(1).
-2
Let l(t) = -t**3 + 9*t**2 + 9*t - 7. Calculate l(10).
-17
Let c(k) = 23*k**3 + 2*k**2 - 1. Give c(2).
191
Let n(y) = -y + 6. Determine n(-6).
12
Let f(c) = 26*c - 290. What is f(11)?
-4
Let m(i) = i**2 - i - 6. What is m(6)?
24
Let c(k) = -k**2 + 5*k + 13. What is c(6)?
7
Let t(a) = -a**2 + 10*a - 10. Determine t(8).
6
Let j(g) = -2*g**2 - 20*g + 24. What is j(-10)?
24
Let t(k) = 12*k + 130. Determine t(-11).
-2
Let b(w) = -w**3 - 9*w**2 - 13*w - 15. Calculate b(-6).
-45
Let n(j) = -j**2 - 5*j + 8. What is n(-7)?
-6
Let b(v) = -v**3 - 16*v**2 - 15*v - 15. Determine b(-15).
-15
Let d(z) = -z**2 + 25*z - 85. Determine d(4).
-1
Let i(d) = -5*d - 15. Give i(-6).
15
Let k(v) = -v**2 - 9*v + 50. Calculate k(-13).
-2
Let t(f) = 2*f**2 - 23*f + 23. Give t(12).
35
Let b(d) = -4*d**3 - d**2 - 4*d - 1. Determine b(-1).
6
Let g(v) = v**2 - 6*v + 7. Determine g(4).
-1
Let a(r) = -62*r**2 + r - 2. Calculate a(1).
-63
Let h(b) = -119*b - 825. Give h(-7).
8
Let k(x) = -x**3 + 26*x**2 - 25*x + 9. What is k(25)?
9
Let x(d) = 9*d + 1. Give x(1).
10
Let p(x) = -25*x + 41. Determine p(1).
16
Let k(y) = -y**3 - 9*y**2 - 6*y - 9. Determine k(-6).
-81
Let u(c) = -11*c + 12. Determine u(5).
-43
Let f(x) = x - 8. Determine f(-3).
-11
Let t(k) = -33*k + 3. Calculate t(1).
-30
Let y(v) = -v**3 - 4*v**2 - 3*v + 2. Give y(-5).
42
Let p(d) = d**2 - 7*d - 2. Determine p(7).
-2
Let n(k) = -2*k**2 + 3*k - 5. What is n(6)?
-59
Let w(v) = 4*v + 106. What is w(-26)?
2
Let k(a) = -a**2 + a + 1. Determine k(-1).
-1
Let s(z) = -z**2 - 12*z - 7. Calculate s(-10).
13
Let v(o) = -2*o**3 - 3*o**2 + o + 4. Calculate v(-3).
28
Let d(i) = i**2 - 39. Calculate d(-7).
10
Let l(x) = -x**2 + 33*x - 6. Calculate l(33).
-6
Let i(d) = -4*d**2 + 12*d - 4. Calculate i(2).
4
Let q(s) = s**3 + 5*s**2 - 17*s + 28. Determine q(-8).
-28
Let j(k) = -2*k**2 + k - 1. Determine j(-2).
-11
Let g(c) = c**2 - 7*c - 1. Determine g(6).
-7
Let l(r) = -r**3 - 3*r**2 + r + 13. Give l(-3).
10
Let k(w) = w**2 - 8*w - 37. What is k(12)?
11
Let f(t) = -t**2 + 13*t - 7. What is f(5)?
33
Let l(t) = -t**3 - 2*t**2 - 4*t - 3. What is l(-2)?
5
Let f(k) = -k**2 + 18*k - 33. What is f(16)?
-1
Let x(u) = u**3 - u**2 - u + 1. Determine x(-2).
-9
Let f(p) = 5*p + 35. What is f(-8)?
-5
Let j(z) = -18*z + 77. What is j(5)?
-13
Let k(f) = -4*f + 27. Calculate k(6).
3
Let c(d) = d**3 - 5*d**2 + 7*d - 4. Determine c(4).
8
Let p(t) = -18*t + 27. Give p(10).
-153
Let w(b) = b**3 + 16*b**2 + 11*b + 33. Give w(-15).
93
Let b(n) = -9*n - 42. What is b(-21)?
147
Let i(y) = -4*y - 20. What is i(-19)?
56
Let b(r) = -r**3 - 5*r**2 + 4*r - 4. What is b(-6)?
8
Let w(h) = h**3 + 13*h**2 + 7*h - 12. Determine w(-12).
48
Let p(d) = d - 1. What is p(13)?
12
Let d(p) = p - 4. Calculate d(-7).
-11
Let z(d) = 3*d**3 - 29*d**2 - 11*d + 4. What is z(10)?
-6
Let b(j) = -j**3 - 3*j**2 + 12*j + 5. What is b(-5)?
-5
Let p(g) = 16*g**2 - 3*g - 5. Give p(-1).
14
Let g(a) = -4*a - 90. Give g(-23).
2
Let u(q) = q**3 + 9*q**2 - 8*q + 6. What is u(-10)?
-14
Let n(l) = 2*l - 5. Determine n(3).
1
Let b(x) = x**2 + x + 3. Determine b(-4).
15
Let u(l) = -2*l**2 - 6*l - 7. What is u(-2)?
-3
Let o(k) = -k**3 - 4*k**2 + 16. Determine o(-3).
7
Let g(z) = -6*z + 7. Give g(10).
-53
Let p(i) = -13*i**2 - 97*i - 40. Give p(-7).
2
Let d(j) = -j**3 + j - 6. Calculate d(0).
-